vided by 3515508.
17
Calculate the remainder when 2595630 is divided by 104.
102
What is the remainder when 53495 is divided by 2815?
10
What is the remainder when 1866356 is divided by 38?
24
What is the remainder when 1238505 is divided by 22?
15
Calculate the remainder when 667981 is divided by 9.
1
Calculate the remainder when 37589 is divided by 6185.
479
What is the remainder when 3273541 is divided by 467578?
495
Calculate the remainder when 4607282 is divided by 692.
638
What is the remainder when 6587418 is divided by 43?
33
Calculate the remainder when 47168398 is divided by 2760.
2758
What is the remainder when 181052122 is divided by 2125?
2122
What is the remainder when 23617469 is divided by 16?
13
What is the remainder when 59646 is divided by 2995?
2741
What is the remainder when 44258864 is divided by 94?
92
What is the remainder when 1186651 is divided by 1126?
973
What is the remainder when 14896 is divided by 2386?
580
What is the remainder when 546271 is divided by 6661?
69
Calculate the remainder when 4393396 is divided by 65572.
72
Calculate the remainder when 120684896 is divided by 501.
8
Calculate the remainder when 795139 is divided by 79492.
219
What is the remainder when 36223 is divided by 2189?
1199
Calculate the remainder when 20701369 is divided by 10.
9
Calculate the remainder when 33245 is divided by 1807.
719
What is the remainder when 4299083 is divided by 16?
11
Calculate the remainder when 54764 is divided by 496.
204
What is the remainder when 673694 is divided by 681?
185
What is the remainder when 2524691 is divided by 1262314?
63
What is the remainder when 13438 is divided by 993?
529
What is the remainder when 5612 is divided by 5373?
239
What is the remainder when 2210652 is divided by 2716?
2544
Calculate the remainder when 35901 is divided by 35073.
828
Calculate the remainder when 200715 is divided by 18239.
86
Calculate the remainder when 991651 is divided by 2.
1
What is the remainder when 869833 is divided by 289943?
4
What is the remainder when 19115 is divided by 297?
107
Calculate the remainder when 5597855 is divided by 4107.
14
Calculate the remainder when 864609 is divided by 1956.
57
What is the remainder when 2513683 is divided by 1516?
155
What is the remainder when 327627 is divided by 109150?
177
Calculate the remainder when 11980 is divided by 4706.
2568
Calculate the remainder when 20604 is divided by 120.
84
Calculate the remainder when 14132171 is divided by 4710720.
11
What is the remainder when 33697283 is divided by 205?
203
Calculate the remainder when 584845 is divided by 4605.
10
What is the remainder when 25212529 is divided by 1517?
1506
What is the remainder when 1739931 is divided by 344?
323
Calculate the remainder when 744511004 is divided by 1501.
1495
What is the remainder when 1185772 is divided by 69750?
22
What is the remainder when 726240175 is divided by 7432?
7431
Calculate the remainder when 1778406 is divided by 4327.
9
Calculate the remainder when 183808 is divided by 6271.
1949
Calculate the remainder when 209516 is divided by 52242.
548
What is the remainder when 41237 is divided by 346?
63
Calculate the remainder when 3832922 is divided by 21533.
48
Calculate the remainder when 15290593 is divided by 7645295.
3
Calculate the remainder when 495030 is divided by 1171.
868
What is the remainder when 5541184 is divided by 5541087?
97
Calculate the remainder when 16312304 is divided by 129.
125
Calculate the remainder when 7470597 is divided by 21.
15
What is the remainder when 125661736 is divided by 47?
45
What is the remainder when 422836 is divided by 504?
484
Calculate the remainder when 5124469 is divided by 122.
103
What is the remainder when 4043650 is divided by 2033?
13
What is the remainder when 24444136 is divided by 149964?
4
Calculate the remainder when 54500319 is divided by 1146.
1143
What is the remainder when 38632 is divided by 1105?
1062
Calculate the remainder when 11887924 is divided by 2154.
2152
What is the remainder when 4424541 is divided by 1606?
11
What is the remainder when 187403 is divided by 7036?
4467
Calculate the remainder when 2701342 is divided by 325.
267
Calculate the remainder when 923329 is divided by 2646.
2521
Calculate the remainder when 157817733 is divided by 536795.
3
Calculate the remainder when 20552 is divided by 158.
12
What is the remainder when 2605033 is divided by 89?
3
Calculate the remainder when 173310 is divided by 57426.
1032
Calculate the remainder when 1454076 is divided by 13586.
374
Calculate the remainder when 29337 is divided by 831.
252
What is the remainder when 44100 is divided by 993?
408
What is the remainder when 196983 is divided by 11577?
174
What is the remainder when 36204832 is divided by 2162?
2142
Calculate the remainder when 471972 is divided by 157272.
156
Calculate the remainder when 21559 is divided by 578.
173
What is the remainder when 15460056 is divided by 9364?
92
What is the remainder when 2749059 is divided by 587?
138
What is the remainder when 4421768 is divided by 72488?
0
Calculate the remainder when 10585174 is divided by 131.
112
What is the remainder when 202155 is divided by 628?
567
What is the remainder when 7652285 is divided by 3826138?
9
What is the remainder when 263697 is divided by 4942?
1771
What is the remainder when 537522 is divided by 537356?
166
Calculate the remainder when 826731 is divided by 931.
3
What is the remainder when 78123 is divided by 636?
531
Calculate the remainder when 2454259 is divided by 18.
13
Calculate the remainder when 479869 is divided by 309.
301
Calculate the remainder when 10770 is divided by 3498.
276
Calculate the remainder when 28903 is divided by 814.
413
What is the remainder when 3347218 is divided by 3347201?
17
What is the remainder when 3939446 is divided by 218858?
2
Calculate the remainder when 25456181 is divided by 466.
465
Calculate the remainder when 767638 is divided by 1335.
13
Calculate the remainder when 2689768 is divided by 71.
4
Calculate the remainder when 4136429 is divided by 544.
397
What is the remainder when 145251 is divided by 414?
351
Calculate the remainder when 525659 is divided by 17521.
29
What is the remainder when 19843914 is divided by 9921950?
14
What is the remainder when 202450 is divided by 39948?
2710
Calculate the remainder when 134020821 is divided by 303.
285
What is the remainder when 4999514 is divided by 838?
6
What is the remainder when 147695 is divided by 1943?
27
Calculate the remainder when 2356318 is divided by 919.
2
What is the remainder when 59699 is divided by 4843?
1583
What is the remainder when 88474446 is divided by 16369?
1
Calculate the remainder when 2986253 is divided by 1172.
1169
What is the remainder when 113968 is divided by 293?
284
What is the remainder when 89132 is divided by 771?
467
What is the remainder when 71107 is divided by 480?
67
Calculate the remainder when 11015044 is divided by 237.
232
Calculate the remainder when 49422 is divided by 6343.
5021
What is the remainder when 81017720 is divided by 19?
10
Calculate the remainder when 674784 is divided by 74944.
288
What is the remainder when 342714450 is divided by 27?
21
Calculate the remainder when 4568152 is divided by 10550.
2
What is the remainder when 46893813 is divided by 685?
83
What is the remainder when 12422 is divided by 4138?
8
What is the remainder when 13792446 is divided by 1492?
398
Calculate the remainder when 3552702 is divided by 592116.
6
Calculate the remainder when 24808644 is divided by 4961726.
14
What is the remainder when 15783497 is divided by 27?
26
Calculate the remainder when 284864 is divided by 56797.
879
What is the remainder when 1028190 is divided by 256788?
1038
Calculate the remainder when 3707400 is divided by 1494.
786
Calculate the remainder when 151957 is divided by 719.
248
What is the remainder when 154565 is divided by 68?
1
What is the remainder when 2664882 is divided by 427?
402
Calculate the remainder when 110274 is divided by 1336.
722
What is the remainder when 3562843 is divided by 790?
733
Calculate the remainder when 38904 is divided by 19087.
730
What is the remainder when 42293973 is divided by 17?
13
What is the remainder when 8